ose g = -9*u - 43 + 277. What is the highest common factor of 208 and u?
26
Let v(g) = g**2 + 8*g + 8. Let b be v(-5). Let a be (4 + -10)*5*b. What is the greatest common divisor of 84 and a?
42
Suppose -26*h - 80 = -36*h. Let l(w) = w**2 - 9*w + 9. Let v be l(8). What is the highest common factor of v and h?
1
Suppose -17*n + 2982 = -5943. What is the greatest common divisor of 225 and n?
75
Let q(u) = 4*u - 2*u - 10*u - 19 - 8*u. Suppose 5*m - 5*n = -70, -n + 5 = -2*m - 22. Let x be q(m). What is the highest common factor of x and 21?
21
Let s be 20/(-170) - (-240)/17. Let k be ((-30)/9)/(s/189). Let v be (-828)/k - (-2)/(-5). Calculate the highest common divisor of 36 and v.
18
Let c be ((-7533)/(-62))/((-9)/(-6)). Calculate the highest common divisor of 9 and c.
9
Let a(w) = -w + 56. Let u be a(21). Calculate the greatest common divisor of 5 and u.
5
Let x = 360 + -122. Let v(q) = -q**3 - 7*q**2 - 21*q - 56. Let c be v(-6). What is the greatest common factor of c and x?
34
Suppose -r = -4*g + 9 + 3, g = -2. Let m = 115 + r. What is the greatest common factor of 19 and m?
19
Suppose 1 = 5*u - 9. Suppose v + 3*y = 13, 0 = u*v + v + 4*y - 29. Calculate the greatest common factor of 14 and v.
7
Let w = 2926 + -2914. What is the highest common factor of 51 and w?
3
Let r = 5 - 1. Suppose -r = v + 4. Let i = v + 16. What is the highest common factor of 40 and i?
8
Let z(l) = -2*l**2 - 6*l - 23. Let v be z(-7). Let m = 86 + v. What is the greatest common factor of 7 and m?
7
Suppose -14 = -b - 2*z, 0 = 2*b + 2*z - z - 28. Suppose 0 = -0*u + 2*u - 140. Suppose n - u = -n. Calculate the highest common divisor of n and b.
7
Let i = -64 + 116. What is the greatest common factor of i and 143?
13
Let n = 261 + -79. Let p = -94 + n. What is the greatest common divisor of 11 and p?
11
Let r = -66 - -63. Let i be 5/10 + 6/4. Let l be i/r + (-87)/(-9). Calculate the highest common factor of l and 9.
9
Suppose -3*z + 4*z = 0. Suppose z = -6*s - 6 + 60. Calculate the greatest common divisor of s and 81.
9
Let k be 5/2*12/(-15). Let c = 10 - k. Let o be ((-27)/(-6))/(1/16). What is the greatest common factor of c and o?
12
Let g be 2/4 + (-186)/(-12). Let t be 145/10 + (-3)/6. Let l = t - 10. What is the highest common factor of l and g?
4
Suppose 2*z - 2*p + p = 26, 0 = 5*z + 3*p - 54. Calculate the greatest common factor of z and 108.
12
Let w be -5 + (564/14 - (-8)/(-28)). What is the greatest common factor of w and 385?
35
Let d be 2 + ((-6)/(-15) - 28/(-5)). What is the greatest common divisor of 208 and d?
8
Suppose 8*b - 3*b = 1105. Let s be b/51*(-1 - -7). Let u = 136 + s. Calculate the highest common factor of u and 18.
18
Suppose 134 = 3*i - w - 357, -644 = -4*i - 4*w. Let u = i - 118. What is the greatest common divisor of 18 and u?
9
Suppose -54 = -4*g + g. Let l(d) = 2 + d**2 - 13 + 16*d + 0*d**2. Let k be l(-17). What is the greatest common divisor of g and k?
6
Let z(d) = d**2 - 2*d. Let i be z(6). Let v = 44 + -44. Suppose -h + 3*h - 16 = v. What is the greatest common divisor of h and i?
8
Suppose -2*p + 2*z = -142, -5*p + 0*p + 395 = 5*z. Suppose 10*j = 5*j + 10. Suppose q + j*q = p. What is the highest common factor of q and 175?
25
Let j be -4*(-6 - ((-36)/16)/1). Calculate the greatest common factor of j and 195.
15
Let q = -1200 - -1226. Let v = 25 - 12. What is the highest common factor of q and v?
13
Let s = -411 + 635. What is the highest common factor of 28 and s?
28
Suppose 0 = -8*k - 9 + 41. Let f = 3 + k. What is the highest common divisor of 77 and f?
7
Let a(y) = y - 9. Let t be a(9). Suppose -13*m + 11*m + 960 = t. Suppose -6*j + m = -j. What is the greatest common divisor of j and 12?
12
Suppose 9*c - 5*c = 0. Suppose -3*x = -c*n + n - 130, -5*n = 10. Calculate the greatest common divisor of 11 and x.
11
Suppose -4*n = 2*u - 194, 0*u + 5*u - 5*n = 545. Let y be 3/9*27 + 6. Calculate the highest common divisor of y and u.
15
Suppose -163 = -6*g - 67. Calculate the highest common divisor of 112 and g.
16
Suppose -16*w = 1357 - 2029. Let y be 13 - (-2 - (2 + -3)). Calculate the highest common divisor of y and w.
14
Suppose 0 = -5*j - 25, -4*p = 2*j - 26. What is the greatest common divisor of p and 141?
3
Suppose 5*s = -o + 2*o + 205, 4*o - 140 = -4*s. What is the greatest common divisor of 15 and s?
5
Let b = 690 - 492. Calculate the highest common factor of b and 54.
18
Let w(r) = 41*r - 255. Let q be w(14). Calculate the highest common factor of q and 77.
11
Let t be (-830)/(130/(-13)) - -12. Calculate the highest common factor of t and 76.
19
Let t(h) be the first derivative of -6*h**2 - 9*h + 10. Let d be t(-4). Let i = d - 26. What is the greatest common factor of i and 13?
13
Let o be 1/(5/(-20)) - 24. Let v = o - -36. Calculate the greatest common factor of v and 48.
8
Let w(j) = -59 + 28 + 5*j + 20 + 17. Let k be w(4). Calculate the highest common divisor of 260 and k.
26
Suppose -3*v - 407*u + 412*u + 47 = 0, -2*v + 25 = 3*u. Calculate the greatest common factor of v and 2534.
14
Suppose -2*r + 5*t + 28 = -0*t, 2*r = 2*t + 16. Calculate the greatest common divisor of r and 8.
4
Let w = -2 - -10. Suppose 13*j + 3*j = -16. Let g be (-32 + -8)*1/j. Calculate the highest common divisor of w and g.
8
Suppose -2*t - 3 = -5*h - 46, -t - 3*h + 5 = 0. Let q be (-6)/((32/(-4))/56). What is the greatest common factor of q and t?
14
Let h = -2 - -18. Let u be 4*2/h*-12. Let i be (-297)/18*28/u. What is the highest common factor of i and 7?
7
Let m be 302/5 - ((-40)/25)/(-4). Suppose -17*b + 21*b = m. Calculate the greatest common divisor of 195 and b.
15
Suppose 0 = -11*z + 231 - 165. Let k be (0 + 2)*20 + 2. What is the greatest common factor of k and z?
6
Let t = 153 - 131. Let y = 7 + -4. Suppose 3*c - 357 = -c - 5*p, y*c + 5*p = 269. Calculate the greatest common divisor of c and t.
22
Let b(g) = g**2 + 42*g + 165. Let a be b(-38). Calculate the highest common divisor of a and 26.
13
Let s be (-1 - 2)/((-3)/2). Suppose s*r = -0*r + 58. Suppose 5*m + 5*h = 170, 3*h + 155 = 5*m + 5*h. What is the highest common divisor of r and m?
29
Let m = 5 + -31. Let y = 44 + m. Suppose -n + 6 = 3, 0 = -j - 5*n + y. Calculate the highest common divisor of 3 and j.
3
Let l = 19 + -8. Let t be 2/(-6) - (-14)/6. Let i be t/((-31)/11 - -3). What is the greatest common factor of i and l?
11
Let k = -956 - -3356. What is the highest common factor of k and 75?
75
Let h be (-1706)/(-10) - (-6)/15. Let y be (-16 - 9/3)/(-1). What is the greatest common divisor of y and h?
19
Let i(r) = -49*r + 5. Let a be i(-1). Let q = -25 + a. Calculate the highest common divisor of q and 145.
29
Let o = -683 - -765. What is the greatest common divisor of o and 205?
41
Let t(g) = g**3 + 5*g**2 - g - 1. Let z be t(-5). Let w = 143 + -323. Let i be (((-18)/(-15))/3)/((-6)/w). Calculate the highest common divisor of z and i.
4
Let y(o) = 3*o - 1. Let q be y(-1). Let p = q + 8. Suppose -168 = -7*w + w. What is the highest common divisor of w and p?
4
Suppose 0 = -216*i + 222*i - 1092. What is the highest common factor of 52 and i?
26
Let j be 5/20 + (105/(-12))/(-1). Let q be 11 + -1 + (15 - 13). What is the greatest common divisor of j and q?
3
Let v(t) = 2*t**3 + 12*t**2 - 12*t + 17. Let p be v(-7). What is the highest common factor of 22 and p?
1
Let k = 287 - 272. What is the greatest common factor of k and 15?
15
Suppose 0 = 6*y - 4*y + 3*g - 974, -4*g = -4*y + 1988. Calculate the highest common factor of y and 29.
29
Suppose -7 = -2*t - 3. Suppose -t*q + 3*w + 14 = -q, -4*w = -5*q + 59. What is the greatest common divisor of 55 and q?
11
Let j = 25 - -55. What is the greatest common factor of 100 and j?
20
Let t(r) = -27*r**3 + 12*r**2 + 6*r - 3. Let p be t(-3). Calculate the highest common factor of 96 and p.
48
Let q(y) = -156*y + 126. Let t be q(0). What is the highest common divisor of t and 336?
42
Let x be (7 + -19)*1/(-2). Let y be ((-9)/27)/((-1)/x). Suppose -y*d + 4*s = -258, 0 = -s + 2. What is the greatest common factor of d and 19?
19
Let r be ((-8)/(-5))/(28/(-20))*-7. Let m(j) = j. Let a be m(2). What is the highest common divisor of r and a?
2
Suppose 4*u = o + 44, -3*u + 9 = -2*o - 29. Calculate the highest common factor of 490 and u.
10
Let u